{"id":848,"date":"2016-05-23T14:05:54","date_gmt":"2016-05-23T12:05:54","guid":{"rendered":"http:\/\/newskontor.walterstestseite.de\/?page_id=848"},"modified":"2024-04-16T10:22:57","modified_gmt":"2024-04-16T08:22:57","slug":"krisenkommunikation","status":"publish","type":"page","link":"https:\/\/www.news-kontor.de\/en\/krisenkommunikation\/","title":{"rendered":"Crisis Communication"},"content":{"rendered":"<div class=\"wpb-content-wrapper\"><section id=\"section-1\" class=\"content-section section vc-section separator-none\">\r\n\r\n\t\t<div class=\"section-anchor section-top-anchor\" data-anchor=\"top\" data-section=\"#section-1\"><\/div>\r\n\t\t\r\n\t\t\r\n\t\t\r\n\t\t\t\r\n\t\t\t\t\t\t\t\t<div class=\"section-background\" data-parallax=\"background\"><\/div>\r\n\r\n\t\t\t\r\n\t\t\r\n\t\t\t\t<div class=\"separator\" style=\"background-color: #000000; color: #ffffff;\"><\/div>\r\n\r\n\t\t<div class=\"container\">\r\n\t\t\t<div class=\"wpb_row vc_row-fluid\">\r\n\t\t\t\t<div class=\"wpb_column vc_column_container vc_col-sm-12\"><div class=\"vc_column-inner\"><div class=\"wpb_wrapper\"><\/div><\/div><\/div>\t\t\t<\/div>\r\n\t\t<\/div>\r\n\r\n\t\t<div class=\"section-anchor section-bottom-anchor\" data-anchor=\"bottom\" data-section=\"#section-1\"><\/div>\r\n\r\n\t<\/section>\r\n\t\r\n\r\n\t\r\n\t<section id=\"section-2\" class=\"vc_custom_1464005419840 content-section section vc-section separator-none\">\r\n\r\n\t\t<div class=\"section-anchor section-top-anchor\" data-anchor=\"top\" data-section=\"#section-2\"><\/div>\r\n\t\t\r\n\t\t\r\n\t\t\r\n\t\t\t\r\n\t\t\t\t\t\t\t\t<div class=\"section-background\" data-parallax=\"background\"><\/div>\r\n\r\n\t\t\t\r\n\t\t\r\n\t\t\t\t<div class=\"separator\" style=\"background-color: #000000; color: #ffffff;\"><\/div>\r\n\r\n\t\t<div class=\"container\">\r\n\t\t\t<div class=\"wpb_row vc_row-fluid\">\r\n\t\t\t\t<div class=\"wpb_column vc_column_container vc_col-sm-6\"><div class=\"vc_column-inner\"><div class=\"wpb_wrapper\">\n\t<div  class=\"wpb_single_image wpb_content_element vc_align_left wpb_content_element\">\n\t\t\n\t\t<figure class=\"wpb_wrapper vc_figure\">\n\t\t\t<div class=\"vc_single_image-wrapper   vc_box_border_grey\"><img loading=\"lazy\" decoding=\"async\" width=\"760\" height=\"428\" src=\"https:\/\/www.news-kontor.de\/wp-content\/uploads\/2020\/05\/PaymentBanking_1600x900px-1024x576.png\" class=\"vc_single_image-img attachment-large\" alt=\"\" title=\"PaymentBanking_1600x900px\" srcset=\"https:\/\/www.news-kontor.de\/wp-content\/uploads\/2020\/05\/PaymentBanking_1600x900px-1024x576.png 1024w, https:\/\/www.news-kontor.de\/wp-content\/uploads\/2020\/05\/PaymentBanking_1600x900px-300x169.png 300w, https:\/\/www.news-kontor.de\/wp-content\/uploads\/2020\/05\/PaymentBanking_1600x900px-768x432.png 768w, https:\/\/www.news-kontor.de\/wp-content\/uploads\/2020\/05\/PaymentBanking_1600x900px-1536x864.png 1536w, https:\/\/www.news-kontor.de\/wp-content\/uploads\/2020\/05\/PaymentBanking_1600x900px.png 1600w\" sizes=\"auto, (max-width: 760px) 100vw, 760px\" \/><\/div>\n\t\t<\/figure>\n\t<\/div>\n<\/div><\/div><\/div><div class=\"wpb_column vc_column_container vc_col-sm-6\"><div class=\"vc_column-inner\"><div class=\"wpb_wrapper\">\n\t<div class=\"wpb_text_column wpb_content_element\" >\n\t\t<div class=\"wpb_wrapper\">\n\t\t\t<h4>Crisis communication part 1<\/h4>\n<p class=\"p1\">In the first article of the three-part series by Payment &amp; Banking - PBA Experts GmbH, our Managing Director Marco Cabras shows you how to get back on track during the crisis with active PR. You can find the full guest article <a href=\"https:\/\/paymentandbanking.com\/krisenkommunikation-teil-1-wie-man-den-kopf-aus-dem-sand-bekommt\/\">here<\/a>.<\/p>\n\n\t\t<\/div>\n\t<\/div>\n\n\t<div class=\"wpb_text_column wpb_content_element\" >\n\t\t<div class=\"wpb_wrapper\">\n\t\t\t<h4>Crisis communication part 2<\/h4>\n<p class=\"p1\">The disruptive factor often starts in the mind. In the second part of Payment and Banking's series of articles on crisis communication, our Managing Director Marco Cabras explains how difficult good crisis PR can be using a few examples. Once a company's reputation has been damaged, it is very difficult to regain the trust of customers, partners and the public. What you need to consider for good crisis PR, read <a href=\"https:\/\/paymentandbanking.com\/krisenkommunikation-teil-2-der-stoerfall-beginnt-im-kopf\/\">here<\/a><\/p>\n\n\t\t<\/div>\n\t<\/div>\n\n\t<div class=\"wpb_text_column wpb_content_element\" >\n\t\t<div class=\"wpb_wrapper\">\n\t\t\t<h4>Crisis communication part 3<\/h4>\n<p class=\"p1\">Not only business models but also communication is becoming more digital than ever in times of crisis. In the third part of Payment and Banking's crisis communication series, our Managing Director Marco Cabras and digital expert Franziska Bluhm show what is important for digital communication in times of crisis. You can find the full guest article <a href=\"https:\/\/paymentandbanking.com\/krisenkommunikation-teil-3-corona-macht-kommunikation-noch-digitaler\">here<\/a>.<\/p>\n\n\t\t<\/div>\n\t<\/div>\n<\/div><\/div><\/div>\t\t\t<\/div>\r\n\t\t<\/div>\r\n\r\n\t\t<div class=\"section-anchor section-bottom-anchor\" data-anchor=\"bottom\" data-section=\"#section-2\"><\/div>\r\n\r\n\t<\/section>\n<\/div>","protected":false},"excerpt":{"rendered":"Krisenkommunikation Teil 1 Wie Sie w\u00e4hrend der Krise mit aktiver PR wieder auf Kurs kommen, zeigt unser Gesch\u00e4ftsf\u00fchrer Marco Cabras im ersten Beitrag der dreiteiligen Serie von Payment &amp; Banking - PBA Experts GmbH. Den vollst\u00e4ndigen Gastbeitrag finden Sie hier. Krisenkommunikation Teil 2 Der St\u00f6rfaktor beginnt oftmals im Kopf. Im zweiten Teil der Beitragsserie zu&hellip;","protected":false},"author":9,"featured_media":0,"parent":0,"menu_order":0,"comment_status":"closed","ping_status":"closed","template":"page-template-full-width.php","meta":{"footnotes":""},"class_list":["post-848","page","type-page","status-publish","hentry"],"yoast_head":"<!-- This site is optimized with the Yoast SEO plugin v25.9 - https:\/\/yoast.com\/wordpress\/plugins\/seo\/ -->\n<title>Krisenkommunikation - Newskontor<\/title>\n<meta name=\"robots\" content=\"index, follow, max-snippet:-1, max-image-preview:large, max-video-preview:-1\" \/>\n<link rel=\"canonical\" href=\"https:\/\/www.news-kontor.de\/en\/krisenkommunikation\/\" \/>\n<meta property=\"og:locale\" content=\"en_GB\" \/>\n<meta property=\"og:type\" content=\"article\" \/>\n<meta property=\"og:title\" content=\"Krisenkommunikation - Newskontor\" \/>\n<meta property=\"og:url\" content=\"https:\/\/www.news-kontor.de\/en\/krisenkommunikation\/\" \/>\n<meta property=\"og:site_name\" content=\"Newskontor\" \/>\n<meta property=\"article:modified_time\" content=\"2024-04-16T08:22:57+00:00\" \/>\n<meta property=\"og:image\" content=\"https:\/\/www.news-kontor.de\/wp-content\/uploads\/2021\/08\/SocialMedia-Vorschaubild2.jpg\" \/>\n\t<meta property=\"og:image:width\" content=\"1200\" \/>\n\t<meta property=\"og:image:height\" content=\"630\" \/>\n\t<meta property=\"og:image:type\" content=\"image\/jpeg\" \/>\n<meta name=\"twitter:card\" content=\"summary_large_image\" \/>\n<meta name=\"twitter:label1\" content=\"Estimated reading time\" \/>\n\t<meta name=\"twitter:data1\" content=\"1 minute\" \/>\n<script type=\"application\/ld+json\" class=\"yoast-schema-graph\">{\"@context\":\"https:\/\/schema.org\",\"@graph\":[{\"@type\":\"WebPage\",\"@id\":\"https:\/\/www.news-kontor.de\/krisenkommunikation\/\",\"url\":\"https:\/\/www.news-kontor.de\/krisenkommunikation\/\",\"name\":\"Krisenkommunikation - Newskontor\",\"isPartOf\":{\"@id\":\"https:\/\/www.news-kontor.de\/#website\"},\"datePublished\":\"2016-05-23T12:05:54+00:00\",\"dateModified\":\"2024-04-16T08:22:57+00:00\",\"breadcrumb\":{\"@id\":\"https:\/\/www.news-kontor.de\/krisenkommunikation\/#breadcrumb\"},\"inLanguage\":\"en-GB\",\"potentialAction\":[{\"@type\":\"ReadAction\",\"target\":[\"https:\/\/www.news-kontor.de\/krisenkommunikation\/\"]}]},{\"@type\":\"BreadcrumbList\",\"@id\":\"https:\/\/www.news-kontor.de\/krisenkommunikation\/#breadcrumb\",\"itemListElement\":[{\"@type\":\"ListItem\",\"position\":1,\"name\":\"Startseite\",\"item\":\"https:\/\/www.news-kontor.de\/\"},{\"@type\":\"ListItem\",\"position\":2,\"name\":\"Krisenkommunikation\"}]},{\"@type\":\"WebSite\",\"@id\":\"https:\/\/www.news-kontor.de\/#website\",\"url\":\"https:\/\/www.news-kontor.de\/\",\"name\":\"Newskontor\",\"description\":\"Agentur f\u00fcr Kommunikation\",\"potentialAction\":[{\"@type\":\"SearchAction\",\"target\":{\"@type\":\"EntryPoint\",\"urlTemplate\":\"https:\/\/www.news-kontor.de\/?s={search_term_string}\"},\"query-input\":{\"@type\":\"PropertyValueSpecification\",\"valueRequired\":true,\"valueName\":\"search_term_string\"}}],\"inLanguage\":\"en-GB\"}]}<\/script>\n<!-- \/ Yoast SEO plugin. -->","yoast_head_json":{"title":"Krisenkommunikation - Newskontor","robots":{"index":"index","follow":"follow","max-snippet":"max-snippet:-1","max-image-preview":"max-image-preview:large","max-video-preview":"max-video-preview:-1"},"canonical":"https:\/\/www.news-kontor.de\/en\/krisenkommunikation\/","og_locale":"en_GB","og_type":"article","og_title":"Krisenkommunikation - Newskontor","og_url":"https:\/\/www.news-kontor.de\/en\/krisenkommunikation\/","og_site_name":"Newskontor","article_modified_time":"2024-04-16T08:22:57+00:00","og_image":[{"width":1200,"height":630,"url":"https:\/\/www.news-kontor.de\/wp-content\/uploads\/2021\/08\/SocialMedia-Vorschaubild2.jpg","type":"image\/jpeg"}],"twitter_card":"summary_large_image","twitter_misc":{"Estimated reading time":"1 minute"},"schema":{"@context":"https:\/\/schema.org","@graph":[{"@type":"WebPage","@id":"https:\/\/www.news-kontor.de\/krisenkommunikation\/","url":"https:\/\/www.news-kontor.de\/krisenkommunikation\/","name":"Krisenkommunikation - Newskontor","isPartOf":{"@id":"https:\/\/www.news-kontor.de\/#website"},"datePublished":"2016-05-23T12:05:54+00:00","dateModified":"2024-04-16T08:22:57+00:00","breadcrumb":{"@id":"https:\/\/www.news-kontor.de\/krisenkommunikation\/#breadcrumb"},"inLanguage":"en-GB","potentialAction":[{"@type":"ReadAction","target":["https:\/\/www.news-kontor.de\/krisenkommunikation\/"]}]},{"@type":"BreadcrumbList","@id":"https:\/\/www.news-kontor.de\/krisenkommunikation\/#breadcrumb","itemListElement":[{"@type":"ListItem","position":1,"name":"Startseite","item":"https:\/\/www.news-kontor.de\/"},{"@type":"ListItem","position":2,"name":"Krisenkommunikation"}]},{"@type":"WebSite","@id":"https:\/\/www.news-kontor.de\/#website","url":"https:\/\/www.news-kontor.de\/","name":"Newskontor","description":"Agency for Communication","potentialAction":[{"@type":"SearchAction","target":{"@type":"EntryPoint","urlTemplate":"https:\/\/www.news-kontor.de\/?s={search_term_string}"},"query-input":{"@type":"PropertyValueSpecification","valueRequired":true,"valueName":"search_term_string"}}],"inLanguage":"en-GB"}]}},"_links":{"self":[{"href":"https:\/\/www.news-kontor.de\/en\/wp-json\/wp\/v2\/pages\/848","targetHints":{"allow":["GET"]}}],"collection":[{"href":"https:\/\/www.news-kontor.de\/en\/wp-json\/wp\/v2\/pages"}],"about":[{"href":"https:\/\/www.news-kontor.de\/en\/wp-json\/wp\/v2\/types\/page"}],"author":[{"embeddable":true,"href":"https:\/\/www.news-kontor.de\/en\/wp-json\/wp\/v2\/users\/9"}],"replies":[{"embeddable":true,"href":"https:\/\/www.news-kontor.de\/en\/wp-json\/wp\/v2\/comments?post=848"}],"version-history":[{"count":10,"href":"https:\/\/www.news-kontor.de\/en\/wp-json\/wp\/v2\/pages\/848\/revisions"}],"predecessor-version":[{"id":2863,"href":"https:\/\/www.news-kontor.de\/en\/wp-json\/wp\/v2\/pages\/848\/revisions\/2863"}],"wp:attachment":[{"href":"https:\/\/www.news-kontor.de\/en\/wp-json\/wp\/v2\/media?parent=848"}],"curies":[{"name":"wp","href":"https:\/\/api.w.org\/{rel}","templated":true}]}}

Krisenkommunikation Teil 1 Wie Sie während der Krise mit aktiver PR wieder auf Kurs kommen, zeigt unser Geschäftsführer Marco Cabras im ersten Beitrag der dreiteiligen Serie von Payment &amp; Banking - PBA Experts GmbH. Den vollständigen Gastbeitrag finden Sie hier. Krisenkommunikation Teil 2 Der Störfaktor beginnt oftmals im Kopf. Im zweiten Teil der Beitragsserie zu&hellip;

<!-- This site is optimized with the Yoast SEO plugin v25.9 - https://yoast.com/wordpress/plugins/seo/ -->
<title>Krisenkommunikation - Newskontor</title>
<meta name="robots" content="index, follow, max-snippet:-1, max-image-preview:large, max-video-preview:-1" />
<link rel="canonical" href="https://www.news-kontor.de/en/krisenkommunikation/" />
<meta property="og:locale" content="en_GB" />
<meta property="og:type" content="article" />
<meta property="og:title" content="Krisenkommunikation - Newskontor" />
<meta property="og:url" content="https://www.news-kontor.de/en/krisenkommunikation/" />
<meta property="og:site_name" content="Newskontor" />
<meta property="article:modified_time" content="2024-04-16T08:22:57+00:00" />
<meta property="og:image" content="https://www.news-kontor.de/wp-content/uploads/2021/08/SocialMedia-Vorschaubild2.jpg" />
	<meta property="og:image:width" content="1200" />
	<meta property="og:image:height" content="630" />
	<meta property="og:image:type" content="image/jpeg" />
<meta name="twitter:card" content="summary_large_image" />
<meta name="twitter:label1" content="Estimated reading time" />
	<meta name="twitter:data1" content="1 minute" />
<script type="application/ld+json" class="yoast-schema-graph">{"@context":"https://schema.org","@graph":[{"@type":"WebPage","@id":"https://www.news-kontor.de/krisenkommunikation/","url":"https://www.news-kontor.de/krisenkommunikation/","name":"Krisenkommunikation - Newskontor","isPartOf":{"@id":"https://www.news-kontor.de/#website"},"datePublished":"2016-05-23T12:05:54+00:00","dateModified":"2024-04-16T08:22:57+00:00","breadcrumb":{"@id":"https://www.news-kontor.de/krisenkommunikation/#breadcrumb"},"inLanguage":"en-GB","potentialAction":[{"@type":"ReadAction","target":["https://www.news-kontor.de/krisenkommunikation/"]}]},{"@type":"BreadcrumbList","@id":"https://www.news-kontor.de/krisenkommunikation/#breadcrumb","itemListElement":[{"@type":"ListItem","position":1,"name":"Startseite","item":"https://www.news-kontor.de/"},{"@type":"ListItem","position":2,"name":"Krisenkommunikation"}]},{"@type":"WebSite","@id":"https://www.news-kontor.de/#website","url":"https://www.news-kontor.de/","name":"Newskontor","description":"Agentur für Kommunikation","potentialAction":[{"@type":"SearchAction","target":{"@type":"EntryPoint","urlTemplate":"https://www.news-kontor.de/?s={search_term_string}"},"query-input":{"@type":"PropertyValueSpecification","valueRequired":true,"valueName":"search_term_string"}}],"inLanguage":"en-GB"}]}</script>
<!-- / Yoast SEO plugin. -->
